2*k - 2*k = -12. Let v(m) = k*o(m) + t(m). Determine v(3).
7
Suppose -2*a = -3*a - 6. Let t be a/(-10) - (-119)/35. Let f(y) = y**2 - 4*y + 3. Calculate f(t).
3
Let m be 2 + -2 + 0 - -4. Suppose 0*t = -m*t - 24. Let h(u) = -u**2 + 10 - 5*u + u - 2 - 1. Determine h(t).
-5
Let b(t) = 7*t**3 + 10*t**2 - 7*t + 5. Let k(n) = -n**3 - n**2 + n - 1. Let w(j) = b(j) + 6*k(j). What is w(-3)?
11
Let o(m) = -2*m + 2. Let n = -18 - -12. What is o(n)?
14
Let u be (-6 - (-2 + -2)) + -1. Let b(j) = 3*j - 13. Let i(s) = -5*s + 20. Let l(o) = -8*b(o) - 5*i(o). What is l(u)?
1
Let z = -22 - -23. Let v(p) = 2*p + p - z - 2*p. Give v(3).
2
Suppose -5 = 2*d - 13*u + 14*u, d + 5 = -u. Let k(z) = 7*z**3 - 2*z**2 + z. Let j be k(1). Let b(p) = j + p - 3*p**3 - 2*p**3 + 6*p**3 - p**2. Calculate b(d).
6
Let n(x) be the first derivative of -x**2/2 - 2*x + 6. What is n(5)?
-7
Let a(z) = -z**2 - 3*z + 7. Let s(p) = -2*p + 19. Let y be s(-8). Let n be 37/(-7) - (-10)/y. Calculate a(n).
-3
Let h(y) be the third derivative of 0 - 1/8*y**4 + 1/6*y**3 - 1/360*y**6 + 2*y**2 + 1/24*y**5 + 0*y. Let b(p) be the first derivative of h(p). What is b(4)?
1
Let t(d) = 14*d**2 - 27*d + 30. Let f be (0 + (-1)/2)*-22. Let k(l) = -5*l**2 + 9*l - 10. Let j(r) = f*k(r) + 4*t(r). Determine j(7).
-4
Let a(t) = -t**2 - 8*t - 6. Suppose 0*f - 5*f = -10. Suppose -x - f*x - 15 = 0. Determine a(x).
9
Let f(i) = i - 1. Let v(b) = 5*b + 2. Let m = -11 - -12. Let q(g) = m*v(g) - 2*f(g). Calculate q(-4).
-8
Let x = -2 - -7. Let o = x + -9. Let u(y) = y**2 + 3*y - 5. Calculate u(o).
-1
Let x(p) = -8*p**3 + p**2 + p - 1. Let a be (-70)/(-40) + 3/(-4). Give x(a).
-7
Suppose -2*d - 2*d = 0. Let c be d/(5/((-5)/2)). Let r(x) = -2 + 1 + c - 2 + 2*x. Calculate r(-4).
-11
Let k(c) be the third derivative of c**4/8 + 2*c**3/3 + 3*c**2. Let j be (-34)/9 + 6 + 168/(-27). Calculate k(j).
-8
Let y(q) be the second derivative of 0 - q + 1/12*q**4 + 3/2*q**2 + 0*q**3 + 1/20*q**5. Determine y(0).
3
Suppose 3*p = -2*a - 2*a + 18, p = 2. Let t(z) be the third derivative of -z**4/8 + z**3/2 + 41*z**2. Give t(a).
-6
Let u = -8 + 11. Let w(y) = -y**2 + 6*y - 3. Give w(u).
6
Let m(p) be the third derivative of -p**4/24 + 4*p**3/3 + 9*p**2. What is m(6)?
2
Let c(n) = 3 - n + 0*n + 7 + 2*n. What is c(-5)?
5
Let f(k) be the second derivative of k**4/12 - k**3 + 5*k**2/2 + 3*k. Determine f(4).
-3
Let z(r) = -r**3 - 12*r**2 + 7*r - 14. Let f(c) = -c**3 - 11*c**2 + 7*c - 13. Let y(h) = 5*f(h) - 4*z(h). Determine y(-8).
-1
Let m(h) = -h**3 + 4*h**2 + 5*h - 2. Let b = -2 - -5. Suppose b = 4*r - r. Let q be (5/4)/(r/4). What is m(q)?
-2
Let d(z) = -4*z**2 + 7*z**2 + 2*z - 4*z**2 - 2. What is d(2)?
-2
Let r(z) be the second derivative of z**3/6 + 3*z**2 + 48*z. Determine r(-5).
1
Let v(i) = -2*i**2 + i + 6. Let k(x) = -x**2 + 2*x + 6. Let z(m) = -4*k(m) + 3*v(m). Let h(l) = l**2 + l + 1. Let y(f) = 5*h(f) + z(f). What is y(-1)?
2
Let i(r) = r**3 + 8*r**2 + 8*r + 9. Let n be i(-7). Let c(a) = 3*a - 6*a + n + 0*a - 4. Determine c(-3).
7
Let q(g) = g + 6. Let y be 37/(-7) + -1 + 60/210. Give q(y).
0
Let o(j) be the second derivative of j + 0 - 1/6*j**3 + 0*j**2. Let p = -297 + 295. Calculate o(p).
2
Let z(u) = 10*u - 1. Suppose -6*d + 3*d + 3 = 0. Determine z(d).
9
Let x(z) be the first derivative of 5*z**4/24 - z**3/6 - z**2 - 2. Let h(t) be the second derivative of x(t). Give h(1).
4
Let l(o) = -2*o - 5. Let p be l(-4). Let z be (3 - p) + 4/1. Let u(a) = -a**3 + 5*a**2 - 2*a + 3. Determine u(z).
11
Let t(r) = -2*r - 6. Let f be t(-5). Let v = 1 - 0. Let j(m) = 3*m**2 + v - 2*m**2 + 0*m**2 - 4*m. What is j(f)?
1
Let t(p) = p + 6. Let q be t(-3). Let v(i) be the second derivative of -i**6/120 + i**5/20 - i**2/2 - i. Let m(d) be the first derivative of v(d). Give m(q).
0
Let i = 10 - 6. Let y(g) = 1 - i + 2 + 2*g - 8*g**3. Give y(1).
-7
Let j(m) be the second derivative of m**5/60 - m**4/4 + m**3/6 + m**2 - 3*m. Let n(l) be the first derivative of j(l). Let k = 1 - -4. Give n(k).
-4
Let m(g) = -g**3 - 2*g**2 + 2*g + 1. Let d be m(1). Let b(s) be the second derivative of d - s + 1/6*s**3 + s**2. Give b(-4).
-2
Suppose -5*z + 6*z = 2. Suppose 0*h = z*h. Let g(t) = 0 + h - t. Give g(-3).
3
Let d(n) = -n**2 - 2*n + 3. Let b be 2/(-6) + 45/(-27). Let p be 4 + b - 1 - -2. What is d(p)?
-12
Suppose -5*r - 3*q = 30, 16 = -4*q - 4. Let x = 1 - 0. Let i(v) = -x - 5*v - v**2 + 2*v - v. What is i(r)?
2
Let o(p) = -3*p + p**2 - 2 + 2 + 1. Let n be o(4). Let y(z) = -z**3 + 5*z**2 + z - 3. Calculate y(n).
2
Let a(s) be the first derivative of s - s**3 - 5 + 1/4*s**4 - 3*s**2. Calculate a(4).
-7
Suppose 4*f - 5*d - 20 = 0, -4*f - 12 = -d - 32. Suppose -38 = -5*m + 3*j, 0 = 3*j + 4 - 1. Let t(b) = -2*b + 0*b - m + 4*b. Determine t(f).
3
Let r be 296/(-20) - 4/20. Let m = r - -11. Let t(v) = 2*v - 5. Calculate t(m).
-13
Suppose -6 = -z + 3*q, 0*q + 12 = 2*z + 3*q. Let i(s) = 7 + 8*s**3 - 7*s - 5*s**2 + 5*s**3 - 11*s**3 - s**3. What is i(z)?
1
Let l(y) = y**2 + 5*y + 1. Let j = 5 + 0. Let r(x) = -x + 1. Let a be r(j). Calculate l(a).
-3
Let f(d) be the third derivative of -d**5/30 - d**4/12 + d**3/6 - 2*d**2. Give f(1).
-3
Let y = -16 - -15. Let v(x) = 4*x**2 + 8*x + 8. Let k(a) = -3*a**2 - 7*a - 7. Let t(z) = -7*k(z) - 6*v(z). Calculate t(y).
-3
Let d(r) = r**3 + 6*r**2 + 7. Suppose 15 = 2*k + 3*k. Suppose -4*u - 4*q - 28 = 0, 0*u = -2*u + k*q - 9. What is d(u)?
7
Let r(x) = 2 - 3 + 2*x**2 + 2*x + 2*x**2 - 3*x**2. Let h be (1 + -1 + 1)*1. What is r(h)?
2
Let g(u) be the third derivative of u**6/30 - u**5/60 + 11*u**2. Calculate g(1).
3
Let v(o) = o**2 - 2. Suppose -3*l - 2 = -5*l. Suppose -6*a + l = 4*n - 11*a, -8 = -5*n + 4*a. Suppose -2*k = -2, n*c + 2*k = -0 + 2. Calculate v(c).
-2
Let j(k) = -k + 2. Let v be 4*(0 - 1)/(-1). Let u(m) = 1. Let p(d) = v*u(d) - j(d). Give p(-5).
-3
Let z(n) be the first derivative of -n**4/4 + 4*n**3/3 - 5*n**2/2 + 2*n + 7. Let q be z(3). Let h(j) = -j**2 - 4*j. What is h(q)?
0
Let a(f) = -f**3 + 14*f**2 - 1 - 1 - 7*f - 6*f**2. What is a(7)?
-2
Let d(a) = 3*a**2 + 5*a + 1. Let v be d(-2). Let f(g) = 2*g**3 - 2*g**2 - 3*g. Calculate f(v).
27
Suppose 2*o - 34 = -114. Let v be 36/(-30)*o/6. Let i(j) = -9*j + 6 + 1 + j - v. What is i(-1)?
7
Let v be 1 + 0 - (1 + 8). Let d = -5 - v. Let m(n) = 2*n - 3. Determine m(d).
3
Let i(u) = 2*u**2 - 3*u + 3. Let y = -41 - -44. Give i(y).
12
Let s(d) = 6*d - 1. Suppose 0*w + 45 = 3*w. Suppose 5*n - w = 5. Suppose -3*c = z + 3, -2*c = -4*z + n - 2. What is s(c)?
-7
Let b(i) = -i**2 - 5*i. Let r(w) = 2*w**2 + 9*w - 1. Suppose 0*l = -l + 1. Let n be (-1*l)/(3/9). Let c(p) = n*r(p) - 5*b(p). What is c(-3)?
0
Suppose 2*v + 0 = k - 3, -4*k + v + 19 = 0. Let l(z) = 6*z**2 - z**3 + 2*z**3 - 7*z + 15 - k + z. Determine l(-7).
3
Let v(n) = -5 - 4 - 58*n + 59*n. Determine v(5).
-4
Let k(b) = -b**3. Let i(u) = -u**2 - 14*u + 1. Let x be (1 + -4)/(15/70). Let t be i(x). What is k(t)?
-1
Let b = 10 + 17. Suppose 0 = -5*u - 3*c + b, -2*u - 6 = -2*c - c. Let f(x) = x - 4. Calculate f(u).
-1
Let d = -93 + 88. Let k(m) = m. What is k(d)?
-5
Let s(k) be the third derivative of k**7/840 + k**6/120 - k**5/30 - k**4/4 - k**3/6 - k**2. Let z(y) be the first derivative of s(y). Calculate z(-4).
-6
Let s(m) = m**2 + 4*m - 3. Let o be s(-5). Let n(q) be the first derivative of -q**3/3 + q - 78. What is n(o)?
-3
Let c(w) = -w - w**2 + 3*w - 3*w + 5 + 5*w. What is c(5)?
0
Let u(o) = 4*o**2 + 3*o + 8. Let p(m) = m**2. Let q(f) = 5*p(f) - u(f). Let c be q(6). Let b(g) = -8 - 6 + 0 + 2*g + c. Calculate b(4).
4
Let k(h) be the second derivative of h**3 - 3*h + 2*h**2 + 0 - 1/12*h**4. Give k(5).
9
Let m = -3 - -8. Let f(s) = 3 - 2 + s - m - 3. Determine f(5).
-2
Let p(v) = -v**2 + 5*v + 14. Let o be p(-2). Let r(j) = -j + 1. What is r(o)?
1
Suppose 2*d + 9 = -3. Let w(i) = -i**2 - 5*i + 8. What is w(d)?
2
Let a(r) be the first derivative of 1/8*r**4 - 1/120*r**6 - 3 + 0*r + 1/20*r**5 + 0*r**3 - 1/2*r**2. Let j(p) be the second derivative of a(p). Determine j(4).
-4
Let c be -1 - (-2)/1 - 3. Let o be c + 1 + 2 + 1. Let r(w) = w - 2. What is r(o)?
0
Let o(x) = -x**2 - 5*x + 5. Let s(l) be the first derivative of -l**4/4 - 5*l**3/3 - 3*l**2/2 - 1. Let n be s(-2). Determine o(n).
-1
Suppose -3*i - 3 = -12. Let c(m) be t